alse
Is 14 a factor of 2082165?
False
Is 2599200 a multiple of 5?
True
Is 2 a factor of 1023703?
False
Is 111180 a multiple of 6?
True
Does 5 divide 2086900?
True
Does 3 divide 79563?
True
Is 4119010 a multiple of 8?
False
Is 36 a factor of 6279336?
True
Is 65 a factor of 4754439?
False
Does 20 divide 43600?
True
Does 10 divide 1380916?
False
Does 695 divide 1235710?
True
Is 2881222 a multiple of 420?
False
Does 20 divide 35440?
True
Does 18 divide 2412828?
True
Is 90 a factor of 26910?
True
Is 62401 a multiple of 7?
False
Is 23 a factor of 317876?
False
Is 48027 a multiple of 4?
False
Is 179 a factor of 5012?
True
Does 40 divide 5480?
True
Is 367512 a multiple of 488?
False
Is 141 a factor of 1813963?
False
Is 55744 a multiple of 52?
True
Is 20 a factor of 648783?
False
Is 197 a factor of 12875329?
True
Is 1296 a factor of 28822782?
False
Does 28 divide 2498076?
True
Is 116 a factor of 11435963?
False
Is 1618513 a multiple of 793?
True
Is 95 a factor of 75911?
False
Is 10773 a multiple of 2?
False
Is 5223285 a multiple of 744?
False
Does 116 divide 373288?
True
Is 33824 a multiple of 28?
True
Is 27216 a multiple of 72?
True
Is 11 a factor of 5913?
False
Does 14 divide 361340?
True
Is 6088057 a multiple of 233?
True
Is 531136 a multiple of 190?
False
Is 570468 a multiple of 347?
True
Does 149 divide 7375202?
True
Is 5 a factor of 525837?
False
Is 2 a factor of 404094?
True
Is 597104 a multiple of 14?
False
Is 378 a factor of 437553?
False
Is 1780880 a multiple of 10?
True
Does 768 divide 39168?
True
Is 23 a factor of 19941?
True
Does 10 divide 4304750?
True
Does 124 divide 29636?
True
Is 436528 a multiple of 136?
False
Is 16 a factor of 15161811?
False
Is 17 a factor of 67881?
True
Is 49 a factor of 210511?
False
Does 234 divide 15190372?
False
Is 3330 a multiple of 9?
True
Is 1074542 a multiple of 7?
True
Does 167 divide 231504?
False
Does 116 divide 8478672?
True
Does 42 divide 1255392?
False
Is 200586 a multiple of 101?
True
Does 779 divide 3472782?
True
Is 353080 a multiple of 33?
False
Does 82 divide 10915922?
True
Is 576 a factor of 829995?
False
Is 37115025 a multiple of 15?
True
Is 161 a factor of 684894?
True
Is 16 a factor of 119248?
True
Is 114 a factor of 1666794?
True
Is 3363070 a multiple of 57?
False
Is 261 a factor of 1716075?
True
Is 2 a factor of 34895?
False
Is 79 a factor of 3031388?
True
Is 2640118 a multiple of 6?
False
Is 1420170 a multiple of 10?
True
Does 115 divide 125569?
False
Is 593504 a multiple of 68?
True
Is 117638 a multiple of 131?
True
Does 90 divide 4660791?
False
Is 105490 a multiple of 274?
True
Is 115 a factor of 223560?
True
Is 3362942 a multiple of 695?
False
Does 20 divide 4446149?
False
Is 356656 a multiple of 16?
True
Is 1452438 a multiple of 11?
False
Is 259828 a multiple of 5?
False
Is 8101266 a multiple of 14?
False
Is 53 a factor of 945663?
False
Is 527184 a multiple of 56?
True
Is 1148222 a multiple of 166?
True
Does 7 divide 8263965?
False
Is 23565 a multiple of 10?
False
Does 37 divide 261569?
False
Is 856408 a multiple of 25?
False
Is 815280 a multiple of 199?
False
Is 3798745 a multiple of 696?
False
Does 102 divide 80784?
True
Does 33 divide 1896900?
False
Does 11 divide 3492039?
False
Is 54 a factor of 2397323?
False
Is 3164972 a multiple of 86?
True
Is 970 a factor of 2208690?
True
Is 14678 a multiple of 12?
False
Does 2 divide 471124?
True
Does 28 divide 1357300?
True
Does 13 divide 34775?
True
Does 13 divide 3873577?
False
Is 970983 a multiple of 6?
False
Is 86 a factor of 121174?
True
Is 525 a factor of 12135900?
True
Does 1290 divide 13235400?
True
Is 63 a factor of 99571?
False
Is 16 a factor of 208?
True
Does 680 divide 5567840?
True
Is 285 a factor of 1544671?
False
Is 222 a factor of 640302?
False
Does 3 divide 207948?
True
Does 34 divide 929911?
False
Does 9 divide 1555556?
False
Does 890 divide 8686400?
True
Is 18 a factor of 33786?
True
Does 2 divide 4097?
False
Is 23 a factor of 52049?
True
Is 170317 a multiple of 300?
False
Does 18 divide 420624?
True
Is 209 a factor of 3689686?
True
Is 9 a factor of 143498?
False
Does 531 divide 433296?
True
Does 1671 divide 12405504?
True
Does 11 divide 3252166?
False
Is 11 a factor of 374682?
True
Is 50 a factor of 253528?
False
Is 559 a factor of 2802267?
True
Does 546 divide 528736?
False
Is 10438046 a multiple of 30?
False
Is 133042 a multiple of 9?
False
Is 39 a factor of 6047107?
False
Does 367 divide 1637071?
False
Is 49 a factor of 33908?
True
Does 6 divide 14929794?
True
Is 4 a factor of 1388855?
False
Is 73 a factor of 31463?
True
Is 339264 a multiple of 19?
True
Is 116 a factor of 101058?
False
Is 23 a factor of 2948301?
True
Does 293 divide 200402?
False
Does 13 divide 1162252?
True
Is 1737554 a multiple of 91?
True
Is 129591 a multiple of 69?
False
Is 113 a factor of 2771890?
True
Does 15 divide 695264?
False
Is 2581256 a multiple of 307?
True
Is 7 a factor of 596778?
True
Is 69 a factor of 693657?
True
Does 31 divide 390569?
True
Does 189 divide 11368917?
True
Is 370 a factor of 668851?
False
Does 12 divide 274044?
True
Is 156812 a multiple of 29?
False
Is 49 a factor of 1867782?
True
Does 18 divide 21150?
True
Is 17894154 a multiple of 1522?
True
Is 44959 even?
False
Is 3651618 a multiple of 8?
False
Does 170 divide 107657?
False
Is 69 a factor of 131869?
False
Is 619200 a multiple of 72?
True
Does 14 divide 245378?
True
Is 217 a factor of 475425?
False
Is 139260 a multiple of 10?
True
Does 377 divide 12564007?
False
Is 1029501 a multiple of 9?
True
Does 415 divide 1549183?
False
Is 2080 a multiple of 26?
True
Is 2053561 a multiple of 137?
False
Is 24228 a multiple of 9?
True
Is 10 a factor of 282273?
False
Is 4357294 a multiple of 1069?
False
Is 6786158 a multiple of 137?
True
Is 189587 a multiple of 321?
False
Does 48 divide 48480?
True
Does 113 divide 112357?
False
Is 554 a factor of 2050908?
True
Is 16 a factor of 35001?
False
Does 58 divide 449797?
False
Does 11 divide 276287?
True
Is 14319485 a multiple of 166?
False
Is 135502 a multiple of 79?
False
Is 12345 a multiple of 2?
False
Is 2493040 a multiple of 16?
True
Is 6098642 a multiple of 67?
False
Is 15 a factor of 839790?
True
Does 8 divide 37808?
True
Is 1177 a factor of 7884525?
False
Is 34779 a multiple of 45?
False
Is 1103 a factor of 3767518?
False
Is 62790 a multiple of 230?
True
Is 42 a factor of 747306?
True
Does 58 divide 11774?
True
Does 1145 divide 859895?
True
Is 19604031 a multiple of 648?
False
Is 104 a factor of 1019616?
True
Is 11 a factor of 15499290?
False
Is 23160 a multiple of 2?
True
Is 6 a factor of 283334?
False
Does 16 divide 1496240?
True
Is 144 a factor of 478146?
False
Does 204 divide 5781062?
False
Does 461 divide 730685?
True
Is 24 a factor of 399354?
False
Does 2 divide 119818?
True
Is 439 a factor of 1117255?
True
Is 194271 a multiple of 2?
False
Is 22 a factor of 2633510?
True
Does 266 divide 2503326?
True
Is 6046 even?
True
Does 11 divide 310980?
False
Does 1475 divide 1267025?
True
Is 30 a factor of 8814961?
False
Is 450492 a multiple of 84?
True
Is 2 a factor of 106133?
False
Does 226 divide 281596?
True
Does 88 divide 432279?
False
Is 101091 a multiple of 210?
False
Does 169 divide 658055?
False
Is 19 a factor of 103106?
False
Is 37 a factor of 7110101?
False
Does 13 divide 2130704?
False
Is 144 a factor of 595192?
False
Is 901500 a multiple of 10?
True
Is 38 a factor of 869174?
True
Is 20061222 a multiple of 921?
True
Is 617872 a multiple of 146?
True
Does 11 divide 17934?
False
Does 12 divide 77616?
True
Is 73 a factor of 75263?
True
Is 101908 a multiple of 292?
True
Is 68 a factor of 76364?
True
Does 23 divide 139449?
True
Is 2773800 a multiple of 200?
True
Does 49 divide 170814?
True
Is 2762064 a multiple of 194?
False
Is 2139 a multiple of 4?
False
Does 52 divide 4662565?
False
Is 5666080 a multiple of 560?
True
Is 10159327 a multiple of 7?
False
Does 15 divide 1006815?
True
Is 52260 a multiple of 10?
True
Is 50 a factor of 2442562?
False
Does 49 divide 3066126?
True
Does 21 divide 889709?
False
Does 51 divide 5474799?
True
Is 36 a factor of 96804?
True
Is 96503 a multiple of 3?
False
Is 679898 a multiple of 34?
True
Does 23 divide 2497455?
True
Is 73815 a multiple of 399?
True
Is 24 a factor of 1674864?
True
Is 8790568 a